).
-2
Let n(u) = -u**3 - 6*u**2 + 3*u + 9. Let m(v) = v**2 - v - 52. Let t be m(0). Let l = 456 - 447. Let g be t/l + (-20)/90. What is n(g)?
-9
Suppose -234 = 74*w + 210. Let c(h) = -5*h - 12. What is c(w)?
18
Let s = 23 + -26. Let f = -11 - -15. Let y(q) = -q + 6*q - f*q + 4. Determine y(s).
1
Let a(x) = -x + 5. Suppose -y - 30 + 34 = 0. Give a(y).
1
Suppose 0 = 5*x - 5 - 10. Let g(n) = 23*n**2 - 3*n + 0*n - 24*n**2 + 6*n + 2. Calculate g(x).
2
Let l(k) = -3 + 2*k**2 - k + 2 - 1. Suppose -2*r = -5*i + 80, 30 = 4*r + 10. Suppose 2*d + i = 5*j, -2*d - 8 = -0*d. Give l(j).
4
Let n(p) = p**2 + 6*p - 4. Let u be (-1224)/54*(-1 + (-10)/(-4)). Let d = 29 + u. Give n(d).
-9
Let n(l) = -9*l + 115 + 0*l**2 - 118 + 4*l**2 + 3*l - 5*l**2. What is n(-2)?
5
Let k(h) = h**2 - h + 3. Let r be (-24)/16*(-1)/(3/4). Suppose -2*t + 6*t = r*t. Determine k(t).
3
Let d(l) = 5 + 7*l - 245*l**2 - 249*l**2 + 495*l**2. Suppose -v - s = -6*v + 5, -v + 3*s - 13 = 0. Suppose 0 = g + v*g + 4*f + 35, g = 3*f + 10. Determine d(g).
-5
Suppose -y - 3*s + 97 = y, 5*y - 255 = -5*s. Let r = -53 + y. Let a(p) = p**2 + 4 - p + p - p. Determine a(r).
10
Let d(a) be the first derivative of a**5/120 - 7*a**4/24 - 4*a**3/3 - a - 48. Let q(b) be the third derivative of d(b). What is q(8)?
1
Suppose -12 = 2*z - 4*z. Suppose 0 = -z*q + q - 25. Let g(n) = -13*n + 7. Let r(t) = 7*t - 3. Let d(j) = q*r(j) - 2*g(j). Give d(-1).
10
Suppose -13*d + 17 + 9 = 0. Let u(b) = -b + 8. Determine u(d).
6
Let r = 20 + -12. Suppose 5*z - 2 = r. Let h(i) = -z*i - 18 + 18 + i + 4*i**2 - i**3. Determine h(4).
-4
Let f(c) = -2*c**2 + 3*c + 3 - 3. Suppose d = -v + 4 - 3, -2*d - 4*v = 0. Give f(d).
-2
Let x(t) = t**2 - 2*t + 4. Suppose -k = -2*k. Let m be x(k). Suppose -12 - 12 = -m*n. Let q(b) = b**2 - 9*b + 5. Determine q(n).
-13
Let s = -8 - -20. Suppose -5*a + 8 = -s. Let o(t) = t**2 + 2*t - 6. Calculate o(a).
18
Let r = -26 + 14. Let u be (-4)/(-24) + (-46)/r. Let n(g) = g**3 - 4*g**2 + 3*g - 6. Let h be n(u). Let l(j) = j**3 - 6*j**2 + j - 1. Calculate l(h).
5
Let o(l) be the third derivative of l**5/60 - 5*l**4/24 + l**3/2 - 42*l**2. Suppose -4*p + 17 = -3. Calculate o(p).
3
Let i(f) = 2*f**2 - 5*f + 19. Let k(b) = -2*b**2 + 4*b - 17. Let r(n) = -5*i(n) - 6*k(n). Give r(0).
7
Let n(a) = a**2 + 3*a - 6. Let q be (2/4)/((-2)/20). Determine n(q).
4
Let q(r) = -13*r - 131. Suppose -11 = 66*b + 649. Calculate q(b).
-1
Let c be (-1)/((-1)/(-16)*2). Let s be c*((-9)/3)/3. Suppose 0 = -3*g - g + s. Let a(o) = -3*o**2 + 2*o - 2. Determine a(g).
-10
Suppose t - 5*t = 3*t. Let a(l) be the third derivative of 1/20*l**6 + 2*l**2 + t*l**5 + 0*l**3 + 0*l + 0 - 1/24*l**4. Give a(1).
5
Let o = -5 - -10. Let c(w) = 5*w**2. Let x(i) = 11*i**2 + i + 1. Suppose 4*t + 4*a = 52, -5*a + 8*a = -4*t + 48. Let r(z) = t*c(z) - 4*x(z). Give r(o).
1
Suppose 3*z = -2*c + 2*z + 39, -4*c + 81 = -z. Let y be (-1 - -3)*c/8. Let m(t) be the third derivative of t**4/24 - t**3/2 + 18*t**2. Calculate m(y).
2
Suppose 3*s + 9 = -6. Let g(q) = 128*q + 14. Let m(a) = 13*a + 2. Let k(x) = -g(x) + 10*m(x). Determine k(s).
-4
Let d(n) = n**2. Let l = -53 + 39. Let v = 14 + l. Give d(v).
0
Let n(w) be the second derivative of w**4/12 - 5*w**3/6 + 2*w**2 + 75*w. What is n(5)?
4
Let z(j) = -4 - 12 - 7*j - j**2 - 6 + 26. Determine z(-6).
10
Let c be 2 - (0/(-4))/4. Let r(o) = -3*o**2 + 5*o**c + 5*o - 2 - 3*o**2. Suppose 3*k - 31 + 8 = -4*t, -5*t - 5*k = -30. Calculate r(t).
-2
Let y(g) be the first derivative of 7/6*g**3 + 1 - 1/12*g**4 + 3*g - 3*g**2. Let o(m) be the first derivative of y(m). Give o(4).
6
Let p(f) be the first derivative of -f**4/4 - 8*f**3/3 - f**2 - 8*f - 149. Suppose 4*m = -4*r - 32, 5*r = 2*r - 4*m - 24. Calculate p(r).
8
Suppose 2 + 2 = b. Let a(g) = -3*g**2 - 27*g - 36. Let f(i) = -i**2 - 9*i - 12. Let s(l) = b*a(l) - 11*f(l). Give s(-8).
-4
Let l(g) = -g**3 - 3*g**2 + 2*g - 2. Let n(r) = r**3 + 8*r**2 + 8*r + 3. Let d be n(-7). Let m be l(d). Let w(i) = -i**2 + 5*i - 3. Determine w(m).
-9
Let h(o) = o. Let p(w) = -2*w**3 + 8*w**2 + 11*w + 15. Let d(z) = -z**3 + 4*z**2 + 6*z + 8. Let l(f) = 11*d(f) - 6*p(f). Let g(b) = h(b) + l(b). Calculate g(4).
2
Suppose 3*x + 21 = u, 16*x = 3*u + 20*x - 37. Let w(z) = z - 10. Calculate w(u).
5
Let b(f) be the second derivative of -f**3/6 + 3*f**2/2 - 3*f - 44. Give b(7).
-4
Let p(b) = b**3 + 6*b**2 - 10*b - 10. Let k be (-5 - -4)/((63/(-49))/(-9)). Give p(k).
11
Let d(t) be the second derivative of 3*t**3/2 + t**2/2 + 8*t. Suppose -11*a = 26 - 37. Calculate d(a).
10
Let i(f) = f**2 + f - 4. Let j = -49 - -139. Let t = 85 - j. Calculate i(t).
16
Let t(i) = -4*i - 65. Suppose 0 = 50*l - 25*l + 375. Determine t(l).
-5
Suppose -20 + 20 = -i. Let c be (-1 + 0)*(1 + i). Let s(q) = -3*q - 6*q**2 - 2*q + 5*q - q. What is s(c)?
-5
Let o(i) = -i**3 + 4*i**2 - 5*i**2 + 2*i**3 - i + 23 - 25 + 7*i**2. Let b be 46/8 + 1/4. Let s(f) = -f**3 + 5*f**2 + 5*f. Let u be s(b). What is o(u)?
4
Let j(d) = d**2 + 8*d + 9. Let b be j(-7). Suppose -w = 9 - b. Let z(n) = -3*n - 5. Calculate z(w).
16
Suppose 0 = 9*l - 3 - 15. Suppose 2*d = 2*a + 14, 4*a - 2*a - l = 0. Let y(b) = -b**3 + 7*b**2 + 8*b - 7. What is y(d)?
-7
Let z be (1 - (-4 + 5))/(8/8). Let k(s) = -s**3 - s**2 - 2*s. Give k(z).
0
Let v(b) be the third derivative of -16*b**2 - 1/8*b**4 + 0 + 0*b - 1/12*b**5 + 1/3*b**3 + 1/120*b**6. Calculate v(4).
-26
Let w(s) = s**3 + 7*s**2 + 5*s - 4. Let u be (10 - 5)*(4 + -3). Let t = 19 - u. Suppose 5*v + t + 16 = 0. Determine w(v).
2
Let t(d) = -36*d**2 - 2*d - 1. Let k = 525 + -526. Determine t(k).
-35
Let a be (-1*1*-1)/(37/74). Let q(p) = a*p + 5*p + 2 - 3*p + 0. Determine q(-2).
-6
Let l(i) = i**2 + 6*i - 11. Let q(c) = -5*c**2 + 43*c - 63. Let p be q(7). Determine l(p).
-4
Let w(g) be the third derivative of 0*g - 1/120*g**6 + 0 + 0*g**3 + 1/30*g**5 + 1/8*g**4 - 2*g**2. Calculate w(-2).
10
Let b(z) = 5*z**2 + 2*z + 12. Let o(k) = 6*k**2 + 2*k + 12. Let p(r) = -5*b(r) + 4*o(r). Calculate p(-6).
-36
Let m = 8 + -7. Let p be (18 + m)*(-6 - -7). Suppose 3 = -3*h, -3*h - h = -5*q + p. Let w(f) = -4*f + 4. Give w(q).
-8
Suppose 44*w + 56 = 48*w. Let p(x) = -x**2 + 15*x - 9. What is p(w)?
5
Let q(c) = c**2 + 2*c + 1. Let f be q(-2). Let n = -16 - -23. Let j(i) = 5*i**2 + 7 - n + 1 + 2*i**2. What is j(f)?
8
Let i be 26/10 + (-3)/5. Let g(f) = -2*f. Determine g(i).
-4
Let q = -102 - -101. Let m(g) = -3*g - 2. Calculate m(q).
1
Let c be (3/9)/(2/(-6)). Let i be -5 - (3/c - 0). Let t(z) = -z**3 - 3*z**2 - 4*z - 2. Give t(i).
2
Let n be 8 + -6 + 1 + 5. Let s(f) = -5*f**2 + 10 + n + 6 - 30 - f**3 + f. Give s(-5).
-11
Let v(b) be the third derivative of b**5/60 - b**4/24 + b**3/3 + 81*b**2 + 6*b. Calculate v(4).
14
Let o(z) = z**3 + 2*z**2 + 4. Let k(v) = -5*v**3 - 4*v**2 - 3*v - 12. Let q(c) = k(c) + 3*o(c). Suppose -b - b + 13 = -3*f, 4*f = 5*b - 22. What is q(b)?
-14
Let y(t) be the third derivative of 0*t - 7/60*t**5 - 17*t**2 + 1/6*t**3 + 1/4*t**4 + 0 + 1/120*t**6. Let m be (-69)/(-12) + (-1)/(-4). Determine y(m).
1
Let c(d) = d**2 - 3*d - 8. Suppose 5*m + 46 - 116 = 0. Suppose -15 = -3*r + p, -3*r + m = 4*p - 16. Determine c(r).
10
Suppose -n = -0*n + 38. Let w = -40 - n. Let y(h) = h**3 + 2*h**2 + 3*h + 3. Calculate y(w).
-3
Let t(x) = -x**3 + 2*x**2 + 2*x + 2. Suppose 3*p = 5*r + 37, -6 = -5*p + p - 2*r. Let l(h) = h**2 - h + 3. Let g be l(p). Suppose -5*j + 0*j + g = 0. Give t(j).
-1
Let u(s) = -8*s**2 + 21*s + 22. Let d(j) = 5*j**2 - 10*j - 11. Let q(g) = 5*d(g) + 3*u(g). Calculate q(-11).
-11
Let d(k) be the first derivative of k**2/2 - 4*k + 89. Let m be (-39 + 1)*(-2)/4. Suppose p + m = -3*q, 5*p = -0*q - 5*q - 45. Determine d(p).
-8
Suppose -2*z + 6 = 0, -4*a - a + 2*z + 29 = 0. Let k(y) = -y**3 + 6*y**2 + 8*y - 5. What is k(a)?
2
Let a(c) = -c**3 + 4*c**2 + 3*c - 6. Let b be a(4). Let k(l) be the second derivative of -l**3/6 + 5*l**2 - 2*l - 196. Determine k(b).
4
Let f(t) be the third derivative of -1/3*t**3 + 0*t - 37*t**2 - 1/60*t**5 - 1/24*t**4 + 0. Suppose -4 + 2 = m. Give f(m).
-4
Let v(z) = 2*z - 1. Let s(b) = 5*b - 8. Let t(l) = s(l) - 2*v(l). Give t(2).
-4
Let s(a) = -45 + 24 - a + 19. Determine s(-8).
6
Let v(b) be the second derivative of -5*b**3/6 - 33*b**2 - 44*b + 1. Calculate v(-14).
4
Let